et f(g) = -g**3 - 5*g**2 + 5*g - 37. Calculate f(-6).
-31
Let u(g) = 2*g**2 - 20*g + 23. Determine u(10).
23
Let d(y) = -y**3 + 60*y**2 + 133*y - 124. Calculate d(62).
434
Let p(s) = 7*s**2 + 303*s + 40. What is p(-43)?
-46
Let q(s) = -380*s - 3070. Determine q(-8).
-30
Let a(z) = -2*z**2 + 27*z + 157. Determine a(-5).
-28
Let q(p) = -6*p**2 - 30*p - 11. Calculate q(-4).
13
Let a(s) = -5*s - 13. Calculate a(-9).
32
Let s(u) = -6*u + 124. Give s(13).
46
Let k(y) = y**3 - 6*y**2 - 20*y + 112. What is k(7)?
21
Let w(u) = -30*u + 317. What is w(10)?
17
Let r(w) = w**2 - 41*w + 85. Determine r(36).
-95
Let x(u) = -81*u + 651. Give x(8).
3
Let g(c) = c**2 + 32*c - 62. Determine g(-18).
-314
Let z(v) = 4*v**3 + 2*v**2 + 4*v - 7. Determine z(3).
131
Let n(p) = -2164*p + 10840. What is n(5)?
20
Let b(s) = s**2 + 24*s + 52. What is b(-25)?
77
Let s(t) = t**2 + 25*t + 155. Calculate s(-22).
89
Let y(v) = -598*v + 11366. Calculate y(19).
4
Let r(y) = -y**3 - 82*y**2 - 156*y + 322. Calculate r(-80).
2
Let x(s) = 949*s + 24680. Give x(-26).
6
Let w(o) = 62*o + 727. What is w(-12)?
-17
Let p(b) = -2523*b + 10090. What is p(4)?
-2
Let m(n) = -4*n**2 + 17*n + 42. Determine m(-2).
-8
Let o(p) = 1232*p - 2475. Give o(2).
-11
Let k(d) = 4*d**3 - 70*d**2 + 27*d - 25. Calculate k(17).
-144
Let n(i) = i**3 - 85*i**2 + 174*i - 618. Calculate n(83).
46
Let q(d) = -3*d**2 + 26*d - 60. What is q(4)?
-4
Let i(o) = -o**3 - 6*o**2 + 34*o + 164. Determine i(-8).
20
Let c(a) = -a**3 - 18*a**2 - 2*a + 28. Determine c(-18).
64
Let m(n) = -n**2 + 26*n + 130. Give m(26).
130
Let s(m) = 63*m**2 + 1014*m + 93. Calculate s(-16).
-3
Let z(f) = 117*f**2 - 2107*f + 28. Determine z(18).
10
Let v(z) = -z**2 - 702*z - 22715. Calculate v(-34).
-3
Let z(k) = 13*k**2 + 249*k + 44. Give z(-19).
6
Let i(h) = -2*h**3 + 21*h**2 + 16*h + 28. Give i(12).
-212
Let j(n) = -59*n**3 + 16*n**2 - 3. Determine j(1).
-46
Let z(n) = -26*n**3 - 4*n**2 + 5*n - 2. Calculate z(1).
-27
Let t(q) = 167*q + 954. Give t(-6).
-48
Let x(i) = -i**3 - 57*i**2 + 49*i - 524. Calculate x(-58).
-2
Let u(n) = -4817*n + 28899. What is u(6)?
-3
Let o(u) = 2*u**3 + 15*u**2 - 4*u - 36. Determine o(-8).
-68
Let w(p) = -p**3 - 121*p**2 - 1680*p - 18. Give w(-105).
-18
Let l(s) = -17*s**2 - 8*s - 22. Give l(4).
-326
Let m(c) = -44*c**3 + 4*c**2 + 5*c + 2. Calculate m(-1).
45
Let w(a) = 2*a**2 - 39*a - 19. What is w(22)?
91
Let g(a) = -a**2 + 517*a - 1557. Give g(3).
-15
Let u(t) = -t**3 + t**2 + 3*t - 2. Give u(0).
-2
Let j(k) = 2*k**3 - 15*k**2 + 97*k - 787. Give j(8).
53
Let r(j) = -3*j**3 - 55*j**2 - 10*j + 271. Give r(-18).
127
Let r(q) = -4*q**2 + 313*q - 172. Give r(76).
512
Let r(g) = -2*g**2 + 10*g + 36. Calculate r(-8).
-172
Let k(i) = -237*i - 6151. Determine k(-26).
11
Let y(h) = -7*h - 14. What is y(22)?
-168
Let l(n) = -2*n**2 + 8*n + 69. Determine l(9).
-21
Let l(y) = y**3 - 32*y**2 - 68*y + 5. Calculate l(34).
5
Let g(i) = i**3 - 12*i**2 - 6*i + 46. Calculate g(15).
631
Let c(g) = -11*g**3 + g**2 + 15*g - 15. Calculate c(1).
-10
Let z(l) = -l**2 - 591*l - 4662. What is z(-8)?
2
Let k(o) = o**2 + 39*o + 238. Calculate k(-11).
-70
Let d(i) = -3*i**3 - 14*i**2 - 35*i - 171. Give d(-4).
-63
Let z(m) = -m**2 - 76*m - 496. Give z(-7).
-13
Let r(y) = 3*y**2 - 66. What is r(10)?
234
Let b(k) = 30*k**2 + 14*k + 8. Give b(-1).
24
Let d(k) = k**2 - 35*k + 29. Give d(-14).
715
Let n(i) = -i**3 - 14*i**2 - 5*i + 18. Calculate n(-13).
-86
Let z(l) = 39*l**2 - 508*l + 12. Give z(13).
-1
Let b(j) = -24*j + 540. Calculate b(21).
36
Let j(l) = -16*l - 1050. Calculate j(-67).
22
Let o(f) = 2*f**2 + f + 40. What is o(-7)?
131
Let b(f) = 239*f + 6891. Give b(-29).
-40
Let b(q) = 139*q - 953. Calculate b(7).
20
Let r(v) = 197*v - 6351. Determine r(31).
-244
Let m(g) = g**3 + 94*g**2 + 101*g + 760. Give m(-93).
16
Let i(v) = 160*v + 4451. Give i(-28).
-29
Let q(d) = d**3 - 17*d**2 + 13*d + 38. What is q(16)?
-10
Let x(w) = -6*w**2 - 23*w + 22. What is x(-6)?
-56
Let w(s) = 629*s + 1875. What is w(-3)?
-12
Let s(l) = 44*l**3 - 26*l**2 + 30*l - 2. Determine s(1).
46
Let f(s) = -53*s - 53. Give f(-4).
159
Let x(l) = 238*l - 6199. Determine x(26).
-11
Let s(g) = -2*g**2 + 82*g + 6474. Give s(81).
-6
Let m(d) = 50*d**2 + 137*d + 25. Give m(-3).
64
Let p(u) = 11396*u + 159540. Calculate p(-14).
-4
Let b(r) = 12370*r + 49460. Determine b(-4).
-20
Let i(b) = -b**3 + 211*b**2 - 2937*b - 554. Determine i(196).
34
Let x(r) = r**3 - 12*r**2 - 21*r - 40. Determine x(15).
320
Let g(i) = -66*i**2 - 224*i - 180. Determine g(-2).
4
Let g(y) = -7*y + 617. Give g(84).
29
Let o(d) = -d**3 + 14*d**2 + 15*d. Determine o(10).
550
Let i(v) = -v**3 - 4*v**2 + 26*v - 39. Calculate i(-8).
9
Let j(u) = -u**3 + 4*u**2 + 14*u - 40. What is j(5)?
5
Let m(v) = v**2 + 24*v - 58. Calculate m(-25).
-33
Let w(i) = -7*i**3 + 392*i**2 - 3*i + 164. What is w(56)?
-4
Let x(h) = h**3 + 8*h**2 + 21*h + 105. Give x(-7).
7
Let g(f) = f**3 - 44*f**2 + 122*f + 14. Determine g(41).
-27
Let m(z) = 18*z + 424. What is m(-24)?
-8
Let s(g) = g**2 - 19*g + 13. Give s(4).
-47
Let i(c) = c**3 - 8*c**2 - 46*c + 2. Calculate i(11).
-141
Let j(c) = 137*c - 6706. What is j(50)?
144
Let u(o) = 55*o**2 + 165*o + 4. Determine u(-3).
4
Let q(m) = -m**2 + 23*m + 2216. Determine q(60).
-4
Let o(h) = h**3 + 6*h**2 - 24*h + 7. Determine o(3).
16
Let n(w) = w**3 + 32*w**2 + 571*w + 16752. Give n(-31).
12
Let f(v) = -v**3 + 9*v**2 + 56*v - 18. Determine f(-6).
186
Let c(u) = -u**3 - u**2 + 17*u + 58. Calculate c(5).
-7
Let v(d) = 3*d**3 - 14*d**2 + 14*d + 4. What is v(3)?
1
Let y(b) = 115*b + 2. Give y(1).
117
Let i(x) = x**3 - 14*x**2 + 65*x - 379. What is i(11)?
-27
Let p(y) = 403*y + 968. What is p(-5)?
-1047
Let b(h) = 2897*h - 55064. Calculate b(19).
-21
Let p(j) = j**3 - 10*j**2 + 23*j - 4. Calculate p(7).
10
Let c(h) = -94*h + 1037. Give c(11).
3
Let p(s) = -3*s**3 - 86*s**2 + 54*s + 771. Give p(-29).
46
Let j(q) = q**3 + 9*q**2 - 2*q - 106. Determine j(-8).
-26
Let g(y) = 54*y - 10. What is g(-3)?
-172
Let b(f) = f**3 + 61*f**2 + 112*f - 259. Give b(-59).
95
Let w(h) = 39*h - 456. Determine w(13).
51
Let u(f) = 14*f**3 + 8*f**2 - 10*f + 7. Determine u(2).
131
Let m(t) = -41*t + 139. Give m(2).
57
Let w(f) = 11*f + 94. Calculate w(-14).
-60
Let m(g) = 224*g + 62. Calculate m(-1).
-162
Let v(h) = -3849*h - 42334. Give v(-11).
5
Let i(r) = -19*r**2 + 1044*r + 54. Determine i(55).
-1
Let a(i) = -2*i**3 + 306*i**2 - 264*i - 6079. Calculate a(152).
1
Let x(w) = 9*w**2 + 53*w - 233. Determine x(-9).
19
Let m(y) = 5*y**2 + 174*y + 848. Calculate m(-29).
7
Let d(w) = 6*w**2 - 29*w + 159. Calculate d(7).
250
Let z(s) = 28*s**3 + 173*s**2 + 34*s + 19. Give z(-6).
-5
Let d(z) = 66*z**2 + 66*z + 63. Determine d(-4).
855
Let x(y) = -9*y**3 - 2*y**2 + 194*y - 193. Determine x(1).
-10
Let i(b) = -2*b + 65. What is i(34)?
-3
Let s(n) = -n**2 + 15*n + 223. Determine s(-9).
7
Let a(v) = -14*v - 864. Determine a(-62).
4
Let h(n) = 2728*n - 95472. Calculate h(35).
8
Let z(t) = -27*t - 648. Determine z(-24).
0
Let m(z) = -9*z + 140. Calculate m(12).
32
Let y(w) = -4*w**2 - 115*w - 770. Calculate y(-18).
4
Let y(v) = v**2 + 41*v + 149. Give y(-4).
1
Let i(w) = -w**2 + 92*w + 1730. Give i(108).
2
Let a(z) = -z**2 + 39*z + 20. Calculate a(39).
20
Let f(p) = 16*p**2 - 649*p + 965. Determine f(39).
-10
Let c(f) = 335*f - 311. Give c(1).
24
Let h(y) = 49*y**2 - 97*y + 3. What is h(2)?
5
Let v(y) = y**3 + 36*y**2 + 90*y + 14. Calculate v(-33).
311
Let u(w) = 179*w - 2321. Calculate u(13).
6
Let c(x) = x**3 + 109*x**2 - 114*x - 471. Calculate c(-110).
-31
Let t(n) = 7*n**2 - 71*n + 14. What is t(10)?
4
Let g(v) = -18*v - 1013. Determine g(-58).
31
Let r(y) = -2*y**2 - 21*y + 255. Determine r(8).
-41
Let r(u) = 247*u + 11939. What is r(-48)?
83
Let u(s) = 51*s - 885. What is u(22)?
237
Let p(s) = -140*s - 641. Calculate p(-7).
339
Let v(a) = -a**3 + 56*a**2 + 118*a - 124. Calculate v(58).
-8
Let g(d) = 440*d - 10568. What is g(24)?
-8
Let b(l) = 1672*l - 8347. Give b(5).
13
Let x(c) = -32*c**2 + 25*c + 53. Determine x(-2).
-125
Let x(w) = -1587*w + 1584. Give x(1).
-3
Let r(t) = -t**2 + 29*t - 78. What is r(30)?
-108
Let k(m) = -10*m - 168. Give k(-28).
112
Let y(r) = -r**3 + 2*r**2 - 32*r + 132. Determine y(4).
-28
Let g